248?
8
Calculate the highest common factor of 1523275 and 2834.
1417
Calculate the greatest common factor of 1184 and 315166.
74
What is the highest common divisor of 172 and 1172?
4
Calculate the highest common divisor of 65451 and 36.
3
Calculate the highest common divisor of 41444 and 780.
52
Calculate the highest common divisor of 2896 and 9593.
181
What is the highest common factor of 12339 and 7312?
457
Calculate the highest common factor of 7551 and 63.
9
What is the highest common divisor of 75 and 9305025?
75
Calculate the highest common factor of 4775 and 8.
1
Calculate the highest common divisor of 61 and 3643713.
61
Calculate the highest common divisor of 49 and 6111.
7
What is the highest common divisor of 26841 and 138?
69
What is the greatest common factor of 104431 and 697?
17
What is the highest common factor of 692650 and 1350?
50
What is the greatest common divisor of 5332 and 8084?
172
What is the greatest common divisor of 2048 and 5120?
1024
What is the greatest common factor of 9600085 and 1265?
1265
What is the highest common divisor of 120 and 124560?
120
Calculate the highest common divisor of 11 and 11801339.
11
Calculate the highest common factor of 141372 and 132.
132
What is the greatest common divisor of 176 and 137324?
44
What is the greatest common divisor of 468 and 32955?
39
Calculate the highest common factor of 706245 and 15.
15
Calculate the greatest common divisor of 469 and 123347.
469
What is the greatest common divisor of 3084 and 750?
6
What is the greatest common factor of 51779 and 1456?
91
What is the greatest common factor of 32706 and 144?
18
Calculate the greatest common divisor of 1261 and 14989.
13
What is the greatest common factor of 16 and 39032?
8
Calculate the highest common factor of 1506 and 6643719.
753
What is the greatest common factor of 225886 and 11342?
106
Calculate the greatest common factor of 35090 and 20.
10
Calculate the highest common factor of 11830 and 20.
10
What is the highest common divisor of 77366 and 202?
202
What is the highest common factor of 201825 and 15?
15
What is the greatest common divisor of 1408 and 5489?
11
What is the highest common divisor of 438 and 594366?
438
What is the greatest common divisor of 113773 and 77?
11
Calculate the greatest common factor of 113 and 1077455.
113
Calculate the highest common factor of 13 and 415.
1
What is the highest common factor of 650576 and 73?
73
Calculate the highest common factor of 303 and 5359464.
303
What is the greatest common factor of 143 and 5324?
11
Calculate the greatest common factor of 4986945 and 45.
45
Calculate the highest common factor of 266628 and 374.
34
Calculate the highest common divisor of 864 and 9728.
32
What is the greatest common divisor of 159315 and 116337?
741
What is the greatest common divisor of 87 and 15776?
29
What is the greatest common factor of 15711 and 33?
3
Calculate the highest common factor of 42 and 146160.
42
Calculate the greatest common factor of 154 and 23478.
14
What is the highest common factor of 13068 and 60?
12
What is the highest common divisor of 576 and 11916?
36
What is the highest common factor of 117588 and 2132?
164
What is the greatest common divisor of 18462 and 2278?
34
Calculate the greatest common divisor of 635 and 330962.
127
Calculate the greatest common divisor of 2 and 1889602.
2
What is the greatest common divisor of 5954 and 7328?
458
Calculate the greatest common factor of 30 and 194505.
15
Calculate the greatest common factor of 5744 and 80775.
359
Calculate the highest common factor of 605 and 45.
5
What is the greatest common factor of 238810 and 312?
26
What is the greatest common divisor of 264246 and 42?
6
Calculate the highest common factor of 1856 and 638.
58
Calculate the highest common factor of 210 and 9330.
30
Calculate the greatest common divisor of 4444 and 2948.
44
What is the highest common factor of 466 and 11650?
466
Calculate the greatest common divisor of 2232091 and 681.
227
What is the greatest common factor of 627387 and 489?
489
What is the highest common factor of 58 and 766847?
29
What is the greatest common factor of 122308 and 4?
4
What is the highest common factor of 63245 and 33215?
455
Calculate the greatest common divisor of 69886 and 498.
166
Calculate the highest common factor of 14938 and 28809.
1067
Calculate the highest common divisor of 846 and 125772.
282
Calculate the greatest common divisor of 12247 and 993.
331
Calculate the greatest common factor of 396 and 957.
33
Calculate the greatest common divisor of 5040 and 14140.
140
What is the greatest common divisor of 5692 and 184?
4
Calculate the greatest common factor of 364 and 36764.
364
What is the highest common divisor of 1608013 and 85?
17
What is the greatest common divisor of 288 and 178983?
9
What is the highest common factor of 37 and 190?
1
Calculate the highest common divisor of 230062 and 14.
14
Calculate the greatest common factor of 15 and 3399135.
15
What is the greatest common divisor of 148 and 3338954?
74
What is the greatest common factor of 24236 and 292?
292
Calculate the highest common factor of 420 and 2254770.
210
What is the greatest common divisor of 6059 and 2263?
73
What is the greatest common divisor of 339348 and 6?
6
What is the greatest common divisor of 4613 and 2085735?
659
Calculate the highest common divisor of 70585 and 5795.
95
Calculate the greatest common factor of 270 and 94878.
54
Calculate the greatest common factor of 1342 and 112362.
122
Calculate the greatest common factor of 3954 and 150.
6
What is the highest common divisor of 2580 and 250?
10
Calculate the greatest common factor of 880964 and 1293.
431
Calculate the highest common divisor of 49389 and 6969.
303
What is the greatest common factor of 278760 and 80?
40
Calculate the highest common divisor of 84 and 6324.
12
Calculate the greatest common divisor of 11938 and 1269.
47
Calculate the highest common factor of 2325 and 733925.
775
What is the highest common factor of 1536 and 25536?
192
Calculate the greatest common factor of 19 and 173413.
19
What is the highest common factor of 103292 and 17612?
476
What is the greatest common factor of 1012 and 8492?
44
Calculate the greatest common divisor of 169150 and 75.
25
What is the highest common factor of 1732 and 956?
4
Calculate the highest common divisor of 658 and 2604.
14
What is the greatest common divisor of 2983 and 2603?
19
Calculate the greatest common factor of 69222 and 1112.
278
Calculate the highest common divisor of 270 and 6120.
90
What is the highest common factor of 56 and 18739?
7
What is the greatest common divisor of 735390 and 130?
10
What is the highest common divisor of 68955 and 1965?
15
Calculate the greatest common divisor of 54 and 3528.
18
Calculate the greatest common divisor of 62 and 1640861.
31
Calculate the greatest common factor of 71 and 661649.
71
Calculate the highest common factor of 147 and 224959.
49
What is the highest common factor of 320 and 91200?
320
What is the highest common divisor of 19125 and 66375?
1125
What is the greatest common divisor of 286 and 2704?
26
Calculate the highest common divisor of 2583 and 115866.
369
Calculate the greatest common factor of 51260 and 649.
11
What is the greatest common factor of 11744 and 88?
8
Calculate the greatest common divisor of 83484 and 552.
12
What is the highest common factor of 564 and 202758?
282
What is the greatest common factor of 95348 and 72496?
788
What is the greatest common divisor of 390 and 23504?
26
Calculate the greatest common factor of 808 and 62.
2
Calculate the greatest common factor of 213651 and 738.
369
Calculate the greatest common factor of 1730 and 1407355.
865
Calculate the highest common factor of 68935 and 34.
17
What is the highest common factor of 10936315 and 3110?
1555
What is the greatest common factor of 44576 and 448?
224
What is the highest common factor of 3420 and 3580?
20
What is the greatest common divisor of 16660 and 122332?
476
What is the greatest common divisor of 52075 and 300?
25
What is the highest common factor of 120 and 945080?
40
Calculate the greatest common divisor of 1044 and 40536.
36
What is the highest common factor of 110 and 6220?
10
Calculate 